of 1485930303.
3, 11, 13, 88813
What are the prime factors of 829764738?
2, 3, 11, 37, 191, 593
What are the prime factors of 117377276?
2, 29344319
What are the prime factors of 253445702?
2, 281, 450971
List the prime factors of 49658510.
2, 5, 11, 451441
What are the prime factors of 2426935808?
2, 11, 73, 5903
List the prime factors of 28086466.
2, 109, 128837
List the prime factors of 1113915552.
2, 3, 41, 283007
List the prime factors of 4603698792.
2, 3, 7, 11, 61, 13613
What are the prime factors of 1541259865?
5, 17, 463, 39163
List the prime factors of 41020569.
3, 23, 53, 3739
What are the prime factors of 69569062?
2, 34784531
What are the prime factors of 883922250?
2, 3, 5, 661, 1783
List the prime factors of 844061723.
37, 22812479
List the prime factors of 221655561.
3, 257, 287491
What are the prime factors of 209872712?
2, 7, 3747727
List the prime factors of 4657805678.
2, 53, 4457, 9859
What are the prime factors of 9561044?
2, 109, 21929
List the prime factors of 4219072.
2, 11, 13, 461
List the prime factors of 16060063.
16060063
List the prime factors of 60788586.
2, 3, 23, 440497
List the prime factors of 284092862.
2, 277, 512803
List the prime factors of 811679241.
3, 139, 1946473
What are the prime factors of 37822868?
2, 9455717
List the prime factors of 4712510105.
5, 31, 53, 573647
What are the prime factors of 2162829609?
3, 43, 5588707
What are the prime factors of 13658530?
2, 5, 19, 71887
List the prime factors of 1095251018.
2, 31, 151, 116989
List the prime factors of 62458886.
2, 7, 37, 120577
List the prime factors of 131445906.
2, 3, 139, 397
What are the prime factors of 68929381?
6343, 10867
What are the prime factors of 30239555?
5, 1297, 4663
List the prime factors of 2554948495.
5, 11, 46453609
List the prime factors of 100361207.
443, 226549
List the prime factors of 92789265.
3, 5, 131, 47221
What are the prime factors of 1001506302?
2, 3, 19, 976127
What are the prime factors of 123234998?
2, 61617499
List the prime factors of 69711377.
53, 1315309
What are the prime factors of 1525396698?
2, 3, 7, 281, 4787
What are the prime factors of 194738557?
13, 14979889
What are the prime factors of 1760451584?
2, 191, 9001
What are the prime factors of 3494602572?
2, 3, 353, 824977
What are the prime factors of 1232323054?
2, 79, 7799513
What are the prime factors of 124343134?
2, 17, 3657151
List the prime factors of 2787953194.
2, 13, 31, 3458999
List the prime factors of 2253549654.
2, 3, 163, 503, 509
List the prime factors of 366560228.
2, 6131, 14947
List the prime factors of 41319868.
2, 23, 449129
What are the prime factors of 176000094?
2, 3, 23, 141707
List the prime factors of 31027713.
3, 23, 449677
List the prime factors of 5176085.
5, 67, 15451
What are the prime factors of 157611647?
157611647
What are the prime factors of 8590768?
2, 536923
List the prime factors of 427962.
2, 3, 71327
List the prime factors of 202345146.
2, 3, 547, 20551
What are the prime factors of 25171766?
2, 37, 67, 5077
List the prime factors of 227386311.
3, 5857, 12941
What are the prime factors of 76726290?
2, 3, 5, 881, 2903
What are the prime factors of 389179942?
2, 29, 281, 23879
What are the prime factors of 37307804?
2, 29, 321619
What are the prime factors of 162670898?
2, 13, 6256573
What are the prime factors of 186754332?
2, 3, 43, 361927
List the prime factors of 1276648476.
2, 3, 106387373
List the prime factors of 116891590.
2, 5, 11689159
What are the prime factors of 523374627?
3, 19, 101, 90911
List the prime factors of 3428594375.
5, 797, 6883
List the prime factors of 1192263125.
5, 17, 112213
What are the prime factors of 549409206?
2, 3, 19, 4819379
What are the prime factors of 210782985?
3, 5, 7, 661, 3037
List the prime factors of 39528838.
2, 41, 197, 2447
What are the prime factors of 43616777?
43616777
List the prime factors of 274487634.
2, 3, 1049, 14537
List the prime factors of 142758638.
2, 11, 41, 158269
What are the prime factors of 5168801447?
397, 13019651
List the prime factors of 1054029706.
2, 527014853
List the prime factors of 406925193.
3, 135641731
What are the prime factors of 1062362546?
2, 7, 827, 91757
What are the prime factors of 4719448373?
163, 28953671
What are the prime factors of 159713297?
19, 1103, 7621
What are the prime factors of 119977732?
2, 7, 4284919
List the prime factors of 3071322896.
2, 191957681
List the prime factors of 237269012.
2, 23, 37, 43, 1621
List the prime factors of 33637280.
2, 5, 210233
List the prime factors of 698640599.
757, 922907
What are the prime factors of 288515356?
2, 72128839
What are the prime factors of 2008530145?
5, 31, 2269, 5711
List the prime factors of 5286103706.
2, 13, 203311681
List the prime factors of 128265979.
19, 6750841
What are the prime factors of 42017367?
3, 7, 167, 11981
List the prime factors of 185696548.
2, 46424137
What are the prime factors of 819862188?
2, 3, 68321849
What are the prime factors of 697525357?
697525357
List the prime factors of 1039533486.
2, 3, 173255581
List the prime factors of 368260777.
368260777
List the prime factors of 677466682.
2, 338733341
List the prime factors of 95226581.
809, 117709
List the prime factors of 100897727.
7, 14413961
List the prime factors of 194309369.
194309369
List the prime factors of 197689069.
7877, 25097
What are the prime factors of 246385392?
2, 3, 11, 29, 16091
List the prime factors of 416446445.
5, 83289289
What are the prime factors of 494412560?
2, 5, 6180157
What are the prime factors of 206692990?
2, 5, 7, 67, 44071
What are the prime factors of 782081141?
17, 359, 128147
What are the prime factors of 4746280783?
37, 59, 311, 6991
What are the prime factors of 726692731?
31, 421, 55681
What are the prime factors of 2946643350?
2, 3, 5, 7, 41, 68447
What are the prime factors of 655408397?
7, 93629771
List the prime factors of 1236247130.
2, 5, 123624713
What are the prime factors of 19494541?
11, 71, 109, 229
What are the prime factors of 11584820?
2, 5, 13, 17, 2621
What are the prime factors of 87344690?
2, 5, 8734469
What are the prime factors of 46113861?
3, 71, 149, 1453
What are the prime factors of 2578224838?
2, 7, 937, 196541
List the prime factors of 729538546.
2, 11, 37, 127, 7057
List the prime factors of 2565831754.
2, 167, 1297, 5923
List the prime factors of 137132558.
2, 47, 1458857
What are the prime factors of 719345326?
2, 7, 51381809
What are the prime factors of 477309346?
2, 47, 5077759
List the prime factors of 257463562.
2, 128731781
What are the prime factors of 151252766?
2, 7, 2113, 5113
List the prime factors of 3199528782.
2, 3, 113, 524341
List the prime factors of 85251200.
2, 5, 26641
What are the prime factors of 228597452?
2, 57149363
What are the prime factors of 7071844972?
2, 1767961243
What are the prime factors of 51376189?
51376189
List the prime factors of 177786027.
3, 271, 72893
What are the prime factors of 201662882?
2, 1451, 69491
List the prime factors of 42690207.
3, 7, 19, 106993
List the prime factors of 2506857851.
2506857851
List the prime factors of 4753717757.
47, 101142931
List the prime factors of 2259574429.
7, 9397, 34351
List the prime factors of 1697782450.
2, 5, 7, 13, 28703
List the prime factors of 74328293.
13, 1361, 4201
List the prime factors of 720533953.
720533953
List the prime factors of 1238553766.
2, 1811, 341953
List the prime factors of 2207768071.
2389, 924139
What are the prime factors of 13920632?
2, 11, 158189
What are the prime factors of 2319802844?
2, 579950711
List the prime factors of 863440398.
2, 3, 149, 35771
What are the prime factors of 4219357143?
3, 17, 82732493
What are the prime factors of 104636681?
53, 1974277
What are the prime factors of 886574175?
3, 5, 2617, 4517
What are the prime factors of 11907963?
3, 1323107
What are the prime factors of 817501936?
2, 103, 233, 2129
List the prime factors of 312517238.
2, 11, 23, 431, 1433
What are the prime factors of 388261265?
5, 7, 11093179
What are the prime factors of 250826080?
2, 5, 811, 1933
What are the prime factors of 127504880?
2, 5, 29, 54959
What are the prime factors of 1619324820?
2, 3, 5, 331, 27179
What are the prime factors of 803325048?
2, 3, 23, 281, 5179
What are the prime f